thousands digit of 40060670?
0
What is the tens digit of 62129757?
5
What is the hundred thousands digit of 7595735349?
7
What is the hundreds digit of 967172976?
9
What is the hundred thousands digit of 1422838928?
8
What is the millions digit of 470280224?
0
What is the hundred millions digit of 7362584291?
3
What is the units digit of 57227511?
1
What is the hundred millions digit of 823322122?
8
What is the units digit of 1321987768?
8
What is the hundred thousands digit of 414420988?
4
What is the billions digit of 1365596650?
1
What is the millions digit of 568252411?
8
What is the units digit of 1279437190?
0
What is the tens digit of 2464366923?
2
What is the hundred millions digit of 1395645474?
3
What is the tens digit of 163697369?
6
What is the thousands digit of 1689408273?
8
What is the hundreds digit of 122993519?
5
What is the hundred millions digit of 340274622?
3
What is the ten millions digit of 3515638081?
1
What is the ten millions digit of 128894693?
2
What is the tens digit of 4175392?
9
What is the tens digit of 4635200564?
6
What is the ten millions digit of 680772479?
8
What is the ten thousands digit of 49193489?
9
What is the units digit of 36844271?
1
What is the ten thousands digit of 164282411?
8
What is the hundred thousands digit of 849809900?
8
What is the ten thousands digit of 538459117?
5
What is the tens digit of 240371883?
8
What is the hundred thousands digit of 1325243659?
2
What is the hundred thousands digit of 2038948646?
9
What is the hundred thousands digit of 134970203?
9
What is the tens digit of 60070896?
9
What is the hundred thousands digit of 70445248?
4
What is the ten millions digit of 92588797?
9
What is the ten millions digit of 2083736310?
8
What is the thousands digit of 32046644?
6
What is the tens digit of 7197482?
8
What is the units digit of 5738365895?
5
What is the units digit of 204205032?
2
What is the units digit of 467429849?
9
What is the units digit of 25386768?
8
What is the millions digit of 2053020619?
3
What is the thousands digit of 388568670?
8
What is the units digit of 3988907335?
5
What is the units digit of 6103459?
9
What is the units digit of 98912786?
6
What is the thousands digit of 211795393?
5
What is the hundreds digit of 88445661?
6
What is the units digit of 86925706?
6
What is the ten thousands digit of 145079397?
7
What is the tens digit of 20199274?
7
What is the units digit of 1318004128?
8
What is the tens digit of 45721665?
6
What is the tens digit of 128160639?
3
What is the units digit of 21925142?
2
What is the billions digit of 1883846147?
1
What is the millions digit of 2256622465?
6
What is the ten thousands digit of 4441785?
4
What is the hundred thousands digit of 659396648?
3
What is the hundred thousands digit of 131526777?
5
What is the hundred thousands digit of 1564041596?
0
What is the hundred millions digit of 802959202?
8
What is the hundreds digit of 25487285?
2
What is the thousands digit of 1390091?
0
What is the hundreds digit of 34064039?
0
What is the hundreds digit of 43389657?
6
What is the ten thousands digit of 10256616?
5
What is the thousands digit of 490318019?
8
What is the units digit of 201369783?
3
What is the ten millions digit of 39428288?
3
What is the thousands digit of 103398551?
8
What is the millions digit of 1175760660?
5
What is the hundreds digit of 2387371185?
1
What is the ten millions digit of 86057785?
8
What is the units digit of 364115863?
3
What is the thousands digit of 36152681?
2
What is the hundred millions digit of 312411071?
3
What is the thousands digit of 50058213?
8
What is the hundreds digit of 310865957?
9
What is the hundreds digit of 3981956488?
4
What is the millions digit of 471289433?
1
What is the hundred thousands digit of 8954942?
9
What is the units digit of 64369977?
7
What is the tens digit of 767144266?
6
What is the ten thousands digit of 559596885?
9
What is the billions digit of 2123481965?
2
What is the ten millions digit of 3518213407?
1
What is the hundreds digit of 37822341?
3
What is the tens digit of 105482035?
3
What is the millions digit of 5527158?
5
What is the thousands digit of 1546669383?
9
What is the hundred thousands digit of 178870?
1
What is the hundred millions digit of 567875574?
5
What is the hundred millions digit of 854268049?
8
What is the tens digit of 755835174?
7
What is the tens digit of 2029199146?
4
What is the hundred thousands digit of 3318219023?
2
What is the thousands digit of 96148991?
8
What is the thousands digit of 89922594?
2
What is the hundred millions digit of 175900996?
1
What is the thousands digit of 7215235595?
5
What is the ten millions digit of 14825657?
1
What is the hundreds digit of 67119047?
0
What is the ten thousands digit of 639478368?
7
What is the thousands digit of 96371626?
1
What is the millions digit of 52568464?
2
What is the hundreds digit of 472928709?
7
What is the hundreds digit of 79703555?
5
What is the thousands digit of 14421598?
1
What is the hundred millions digit of 2305603237?
3
What is the millions digit of 87468036?
7
What is the ten thousands digit of 399234191?
3
What is the thousands digit of 214746097?
6
What is the thousands digit of 126937446?
7
What is the tens digit of 261014838?
3
What is the tens digit of 643100408?
0
What is the hundred thousands digit of 668310739?
3
What is the millions digit of 1477958720?
7
What is the hundreds digit of 808995569?
5
What is the millions digit of 31874878?
1
What is the hundred thousands digit of 2811033028?
0
What is the ten millions digit of 95972654?
9
What is the millions digit of 2095342538?
5
What is the units digit of 473233323?
3
What is the millions digit of 1301757218?
1
What is the tens digit of 37884973?
7
What is the millions digit of 268330947?
8
What is the units digit of 75794120?
0
What is the millions digit of 76055644?
6
What is the units digit of 59450762?
2
What is the ten thousands digit of 84052491?
5
What is the thousands digit of 52416395?
6
What is the hundreds digit of 74947491?
4
What is the units digit of 5185046364?
4
What is the millions digit of 7376883?
7
What is the ten thousands digit of 230604504?
0
What is the millions digit of 459335716?
9
What is the ten thousands digit of 2575863008?
6
What is the millions digit of 402792204?
2
What is the ten millions digit of 378130008?
7
What is the ten thousands digit of 180379164?
7
What is the billions digit of 1715551566?
1
What is the millions digit of 659924044?
9
What is the hundreds digit of 67137949?
9
What is the hundred thousands digit of 51333362?
3
What is the tens digit of 2345845758?
5
What is the ten thousands digit of 32347942?
4
What is the ten millions digit of 2053132410?
5
What is the ten thousands digit of 167781630?
8
What is the tens digit of 222393844?
4
What is the thousands digit of 134781077?
1
What is the thousands digit of 74248958?
8
What is the units digit of 92370624?
4
What is the millions digit of 9883556?
9
What is the millions digit of 499809498?
9
What is the thousands digit of 5151740?
1
What is the hundreds digit of 97357803?
8
What is the ten thousands digit of 202309477?
0
What is the ten thousands digit of 57193341?
9
What is the hundred millions digit of 198282362?
1
What is the units digit of 887293708?
8
What is the thousands digit of 172126318?
6
What is the ten millions digit of 613839048?
1
What is the ten thousands digit of 760175725?
7
What is the ten millions digit of 260560849?
6
What is the ten thousands digit of 887279712?
7
What is the thousands digit of 290122955?
2
What is the hundreds digit of 152431019?
0
What is the tens digit of 6457134694?
9
What is the units digit of 29138444?
4
What is the millions digit of 432259118?
2
What is the units digit of 94819226?
6
What is the units digit of 621096086?
6
What is the hundred thousands digit of 376385869?
3
What is the millions digit of 54028346?
4
What is the hundred thousands digit of 3507807?
5
What is the thousands digit of 46888341?
8
What is the hundreds digit of 15038733?
7
What is the millions digit of 117884396?
7
What is the hundred thousands digit of 28484123?
4
What is the tens digit of 10890266?
6
What is the tens digit of 36005194?
9
What is the thousand